{"id":25,"date":"2015-01-06T10:52:23","date_gmt":"2015-01-06T09:52:23","guid":{"rendered":"http:\/\/wp10590344.server-he.de\/irrecams2\/?page_id=25"},"modified":"2021-05-04T16:53:53","modified_gmt":"2021-05-04T14:53:53","slug":"infrarot-fotografie-und-kamera-umbau","status":"publish","type":"page","link":"https:\/\/irrecams.de\/staging\/","title":{"rendered":"Infrarot Fotografie und Kamera Umbau Service"},"content":{"rendered":"\n<p class=\"has-drop-cap\">Die digitale Infrarot Fotografie umfasst verschiedene kreative Filtert Techniken die bekannte Landschaften und  Objekte auf eine ganz neue Art erscheinen lassen. Die Bilder im IR-Bereich produzieren einen ganz speziellen &#8222;Look&#8220;, sie gewinnen an Kontrast und Brillanz, wirken oft sogar mystisch. Eine normale Kamera kann das f\u00fcr uns unsichtbare Licht nicht ohne weiteres sehen. Um die beste Bildqualit\u00e4t zu erhalten ist ein Infrarot Umbau notwendig, der die Kamera f\u00fcr Infrarotstrahlung empfindlich macht.<\/p>\n\n\n\n<div class=\"wp-block-buttons is-content-justification-center is-layout-flex\">\n<div class=\"wp-block-button\"><a class=\"wp-block-button__link has-white-color has-vivid-red-background-color has-text-color has-background\" href=\"http:\/\/irrecams.de\/staging\/infrarot-fotografie\/\" style=\"border-radius:5px\">Erfahren Sie mehr \u00fcber Infrarot Fotografie<\/a><\/div>\n<\/div>\n\n\n\n<div style=\"height:100px\" aria-hidden=\"true\" class=\"wp-block-spacer\"><\/div>\n\n\n<style> #masonry-posts-block-6b4pw4bb9 .grid-sizer, #masonry-posts-block-6b4pw4bb9 .grid-item { width: calc( (100% - 15px)\/4); margin-bottom: 5px; } @media (max-width: 1280px){ #masonry-posts-block-6b4pw4bb9 .grid-sizer, #masonry-posts-block-6b4pw4bb9 .grid-item { width: calc( (100% - 15px)\/4); }} @media (max-width: 1024px){ #masonry-posts-block-6b4pw4bb9 .grid-sizer, #masonry-posts-block-6b4pw4bb9 .grid-item { width: calc( (100% - 5px)\/2); }} @media (max-width: 767px){ #masonry-posts-block-6b4pw4bb9 .grid-sizer, #masonry-posts-block-6b4pw4bb9 .grid-item { width: calc( (100% - 0px)\/1); }}<\/style><div id=masonry-posts-block-6b4pw4bb9 class='wp-block-gosign '><div data-gutter='5' data-layout='fitRows' data-lazyThreshold='' class='grid-parent-gosign detail_layout_grid gallery-frontend full'><div class='grid-sizer'><\/div><div class='grid-item  gosign_sort_blog grid-item-1 ' key=9414 ><div class='gallery-image'><div class='masnory-image-container'><a href=https:\/\/irrecams.de\/staging\/blog\/2023\/insider-canon-eos-r7-auseinander-gebaut-und-zerlegt\/><img class='masnory-image ' title='Canon EOS R7 &#8211; Teile \u00dcbersicht' alt='Canon EOS R7 - Teile \u00dcbersicht' src='https:\/\/irrecams.de\/staging\/wp-content\/uploads\/2023\/03\/FXH20162-125x83.jpg' src='https:\/\/irrecams.de\/staging\/wp-content\/uploads\/2023\/03\/FXH20162-300x200.jpg' srcset='https:\/\/irrecams.de\/staging\/wp-content\/uploads\/2023\/03\/FXH20162-300x200.jpg 300w, https:\/\/irrecams.de\/staging\/wp-content\/uploads\/2023\/03\/FXH20162-600x400.jpg 600w, https:\/\/irrecams.de\/staging\/wp-content\/uploads\/2023\/03\/FXH20162-768x512.jpg 768w, https:\/\/irrecams.de\/staging\/wp-content\/uploads\/2023\/03\/FXH20162-1024x683.jpg 1024w' sizes='(min-width: 1280px) 33.3vw, (min-width: 768px) 50vw, 100vw' \/><\/a><\/div><div class='box-content'><h3 class='title'><a href=https:\/\/irrecams.de\/staging\/blog\/2023\/insider-canon-eos-r7-auseinander-gebaut-und-zerlegt\/>Insider: Canon EOS R7 auseinander gebaut und zerlegt<\/a><\/h3><div class='author-and-date'><span><time datetime=\"2023-03-02T15:28:45+01:00\" class=\"post-date\">2. M\u00e4rz 2023<\/time><\/span><\/div><\/div><\/div><\/div><div class='grid-item  grid-item-2 ' key=9187 ><div class='gallery-image'><div class='masnory-image-container'><a href=https:\/\/irrecams.de\/staging\/blog\/videos\/2023\/ep-43-darktable-4-2-fuer-einsteiger-einrichten-fuer-infrarot-bearbeitung\/><img class='masnory-image ' title='thumb_de' alt='' src='https:\/\/irrecams.de\/staging\/wp-content\/uploads\/2023\/01\/thumb_de-125x70.jpg' src='https:\/\/irrecams.de\/staging\/wp-content\/uploads\/2023\/01\/thumb_de-300x169.jpg' srcset='https:\/\/irrecams.de\/staging\/wp-content\/uploads\/2023\/01\/thumb_de-300x169.jpg 300w, https:\/\/irrecams.de\/staging\/wp-content\/uploads\/2023\/01\/thumb_de-600x338.jpg 600w, https:\/\/irrecams.de\/staging\/wp-content\/uploads\/2023\/01\/thumb_de-768x432.jpg 768w, https:\/\/irrecams.de\/staging\/wp-content\/uploads\/2023\/01\/thumb_de-1024x576.jpg 1024w' sizes='(min-width: 1280px) 33.3vw, (min-width: 768px) 50vw, 100vw' \/><\/a><\/div><div class='box-content'><h3 class='title'><a href=https:\/\/irrecams.de\/staging\/blog\/videos\/2023\/ep-43-darktable-4-2-fuer-einsteiger-einrichten-fuer-infrarot-bearbeitung\/>Ep. 43: darktable 4.2 f\u00fcr Einsteiger &#8211; Einrichten f\u00fcr Infrarot Bearbeitung<\/a><\/h3><div class='author-and-date'><span><time datetime=\"2023-01-01T14:29:43+01:00\" class=\"post-date\">1. Januar 2023<\/time><\/span><\/div><\/div><\/div><\/div><div class='grid-item  gosign_sort_blog grid-item-3 ' key=9092 ><div class='gallery-image'><div class='masnory-image-container'><a href=https:\/\/irrecams.de\/staging\/blog\/2022\/infrarot-workshops-2023\/><img class='masnory-image ' title='IR-Workshop_23-1' alt='' src='https:\/\/irrecams.de\/staging\/wp-content\/uploads\/2022\/11\/IR-Workshop_23-1-125x70.jpg' src='https:\/\/irrecams.de\/staging\/wp-content\/uploads\/2022\/11\/IR-Workshop_23-1-300x169.jpg' srcset='https:\/\/irrecams.de\/staging\/wp-content\/uploads\/2022\/11\/IR-Workshop_23-1-300x169.jpg 300w, https:\/\/irrecams.de\/staging\/wp-content\/uploads\/2022\/11\/IR-Workshop_23-1-600x338.jpg 600w, https:\/\/irrecams.de\/staging\/wp-content\/uploads\/2022\/11\/IR-Workshop_23-1-768x432.jpg 768w, https:\/\/irrecams.de\/staging\/wp-content\/uploads\/2022\/11\/IR-Workshop_23-1.jpg 1024w' sizes='(min-width: 1280px) 33.3vw, (min-width: 768px) 50vw, 100vw' \/><\/a><\/div><div class='box-content'><h3 class='title'><a href=https:\/\/irrecams.de\/staging\/blog\/2022\/infrarot-workshops-2023\/>Infrarot Workshops 2023<\/a><\/h3><div class='author-and-date'><span><time datetime=\"2022-12-04T13:59:08+01:00\" class=\"post-date\">4. Dezember 2022<\/time><\/span><\/div><\/div><\/div><\/div><div class='grid-item  gosign_sort_blog grid-item-4 ' key=9040 ><div class='gallery-image'><div class='masnory-image-container'><a href=https:\/\/irrecams.de\/staging\/blog\/2022\/architektur-in-infrarot\/><img class='masnory-image ' title='Modern architecture 1' alt='\u00a9Werner Eisenreich' src='https:\/\/irrecams.de\/staging\/wp-content\/uploads\/2022\/11\/Modern-architecture-1-125x83.jpg' src='https:\/\/irrecams.de\/staging\/wp-content\/uploads\/2022\/11\/Modern-architecture-1-300x200.jpg' srcset='https:\/\/irrecams.de\/staging\/wp-content\/uploads\/2022\/11\/Modern-architecture-1-300x200.jpg 300w, https:\/\/irrecams.de\/staging\/wp-content\/uploads\/2022\/11\/Modern-architecture-1-600x400.jpg 600w, https:\/\/irrecams.de\/staging\/wp-content\/uploads\/2022\/11\/Modern-architecture-1-768x512.jpg 768w, https:\/\/irrecams.de\/staging\/wp-content\/uploads\/2022\/11\/Modern-architecture-1-1024x683.jpg 1024w' sizes='(min-width: 1280px) 33.3vw, (min-width: 768px) 50vw, 100vw' \/><\/a><\/div><div class='box-content'><h3 class='title'><a href=https:\/\/irrecams.de\/staging\/blog\/2022\/architektur-in-infrarot\/>Architektur in Infrarot<\/a><\/h3><div class='author-and-date'><span><time datetime=\"2022-11-29T18:30:00+01:00\" class=\"post-date\">29. November 2022<\/time><\/span><\/div><\/div><\/div><\/div><\/div>","protected":false},"excerpt":{"rendered":"<p>Die digitale Infrarot Fotografie umfasst verschiedene kreative Filtert Techniken die bekannte Landschaften und Objekte auf eine ganz neue Art erscheinen lassen. Die Bilder im IR-Bereich produzieren einen ganz speziellen &#8222;Look&#8220;, sie gewinnen an Kontrast und Brillanz, wirken oft sogar mystisch. Eine normale Kamera kann das f\u00fcr uns unsichtbare Licht nicht ohne weiteres sehen. Um die &hellip; <\/p>\n<p class=\"link-more\"><a href=\"https:\/\/irrecams.de\/staging\/\" class=\"more-link\"><span class=\"screen-reader-text\">\u201eInfrarot Fotografie und Kamera Umbau Service\u201c<\/span> weiterlesen<\/a><\/p>\n","protected":false},"author":1,"featured_media":0,"parent":0,"menu_order":1,"comment_status":"closed","ping_status":"closed","template":"","meta":[],"_links":{"self":[{"href":"https:\/\/irrecams.de\/staging\/wp-json\/wp\/v2\/pages\/25"}],"collection":[{"href":"https:\/\/irrecams.de\/staging\/wp-json\/wp\/v2\/pages"}],"about":[{"href":"https:\/\/irrecams.de\/staging\/wp-json\/wp\/v2\/types\/page"}],"author":[{"embeddable":true,"href":"https:\/\/irrecams.de\/staging\/wp-json\/wp\/v2\/users\/1"}],"replies":[{"embeddable":true,"href":"https:\/\/irrecams.de\/staging\/wp-json\/wp\/v2\/comments?post=25"}],"version-history":[{"count":3,"href":"https:\/\/irrecams.de\/staging\/wp-json\/wp\/v2\/pages\/25\/revisions"}],"predecessor-version":[{"id":7033,"href":"https:\/\/irrecams.de\/staging\/wp-json\/wp\/v2\/pages\/25\/revisions\/7033"}],"wp:attachment":[{"href":"https:\/\/irrecams.de\/staging\/wp-json\/wp\/v2\/media?parent=25"}],"curies":[{"name":"wp","href":"https:\/\/api.w.org\/{rel}","templated":true}]}}

<p class="has-drop-cap">Die digitale Infrarot Fotografie umfasst verschiedene kreative Filtert Techniken die bekannte Landschaften und  Objekte auf eine ganz neue Art erscheinen lassen. Die Bilder im IR-Bereich produzieren einen ganz speziellen &#8222;Look&#8220;, sie gewinnen an Kontrast und Brillanz, wirken oft sogar mystisch. Eine normale Kamera kann das für uns unsichtbare Licht nicht ohne weiteres sehen. Um die beste Bildqualität zu erhalten ist ein Infrarot Umbau notwendig, der die Kamera für Infrarotstrahlung empfindlich macht.</p>



<div class="wp-block-buttons is-content-justification-center is-layout-flex">
<div class="wp-block-button"><a class="wp-block-button__link has-white-color has-vivid-red-background-color has-text-color has-background" href="http://irrecams.de/staging/infrarot-fotografie/" style="border-radius:5px">Erfahren Sie mehr über Infrarot Fotografie</a></div>
</div>



<div style="height:100px" aria-hidden="true" class="wp-block-spacer"></div>


<style> #masonry-posts-block-6b4pw4bb9 .grid-sizer, #masonry-posts-block-6b4pw4bb9 .grid-item { width: calc( (100% - 15px)/4); margin-bottom: 5px; } @media (max-width: 1280px){ #masonry-posts-block-6b4pw4bb9 .grid-sizer, #masonry-posts-block-6b4pw4bb9 .grid-item { width: calc( (100% - 15px)/4); }} @media (max-width: 1024px){ #masonry-posts-block-6b4pw4bb9 .grid-sizer, #masonry-posts-block-6b4pw4bb9 .grid-item { width: calc( (100% - 5px)/2); }} @media (max-width: 767px){ #masonry-posts-block-6b4pw4bb9 .grid-sizer, #masonry-posts-block-6b4pw4bb9 .grid-item { width: calc( (100% - 0px)/1); }}</style><div id=masonry-posts-block-6b4pw4bb9 class='wp-block-gosign '><div data-gutter='5' data-layout='fitRows' data-lazyThreshold='' class='grid-parent-gosign detail_layout_grid gallery-frontend full'><div class='grid-sizer'></div><div class='grid-item  gosign_sort_blog grid-item-1 ' key=9414 ><div class='gallery-image'><div class='masnory-image-container'><a href=https://irrecams.de/staging/blog/2023/insider-canon-eos-r7-auseinander-gebaut-und-zerlegt/><img class='masnory-image ' title='Canon EOS R7 &#8211; Teile Übersicht' alt='Canon EOS R7 - Teile Übersicht' src='https://irrecams.de/staging/wp-content/uploads/2023/03/FXH20162-125x83.jpg' src='https://irrecams.de/staging/wp-content/uploads/2023/03/FXH20162-300x200.jpg' srcset='https://irrecams.de/staging/wp-content/uploads/2023/03/FXH20162-300x200.jpg 300w, https://irrecams.de/staging/wp-content/uploads/2023/03/FXH20162-600x400.jpg 600w, https://irrecams.de/staging/wp-content/uploads/2023/03/FXH20162-768x512.jpg 768w, https://irrecams.de/staging/wp-content/uploads/2023/03/FXH20162-1024x683.jpg 1024w' sizes='(min-width: 1280px) 33.3vw, (min-width: 768px) 50vw, 100vw' /></a></div><div class='box-content'><h3 class='title'><a href=https://irrecams.de/staging/blog/2023/insider-canon-eos-r7-auseinander-gebaut-und-zerlegt/>Insider: Canon EOS R7 auseinander gebaut und zerlegt</a></h3><div class='author-and-date'><span><time datetime="2023-03-02T15:28:45+01:00" class="post-date">2. März 2023</time></span></div></div></div></div><div class='grid-item  grid-item-2 ' key=9187 ><div class='gallery-image'><div class='masnory-image-container'><a href=https://irrecams.de/staging/blog/videos/2023/ep-43-darktable-4-2-fuer-einsteiger-einrichten-fuer-infrarot-bearbeitung/><img class='masnory-image ' title='thumb_de' alt='' src='https://irrecams.de/staging/wp-content/uploads/2023/01/thumb_de-125x70.jpg' src='https://irrecams.de/staging/wp-content/uploads/2023/01/thumb_de-300x169.jpg' srcset='https://irrecams.de/staging/wp-content/uploads/2023/01/thumb_de-300x169.jpg 300w, https://irrecams.de/staging/wp-content/uploads/2023/01/thumb_de-600x338.jpg 600w, https://irrecams.de/staging/wp-content/uploads/2023/01/thumb_de-768x432.jpg 768w, https://irrecams.de/staging/wp-content/uploads/2023/01/thumb_de-1024x576.jpg 1024w' sizes='(min-width: 1280px) 33.3vw, (min-width: 768px) 50vw, 100vw' /></a></div><div class='box-content'><h3 class='title'><a href=https://irrecams.de/staging/blog/videos/2023/ep-43-darktable-4-2-fuer-einsteiger-einrichten-fuer-infrarot-bearbeitung/>Ep. 43: darktable 4.2 für Einsteiger &#8211; Einrichten für Infrarot Bearbeitung</a></h3><div class='author-and-date'><span><time datetime="2023-01-01T14:29:43+01:00" class="post-date">1. Januar 2023</time></span></div></div></div></div><div class='grid-item  gosign_sort_blog grid-item-3 ' key=9092 ><div class='gallery-image'><div class='masnory-image-container'><a href=https://irrecams.de/staging/blog/2022/infrarot-workshops-2023/><img class='masnory-image ' title='IR-Workshop_23-1' alt='' src='https://irrecams.de/staging/wp-content/uploads/2022/11/IR-Workshop_23-1-125x70.jpg' src='https://irrecams.de/staging/wp-content/uploads/2022/11/IR-Workshop_23-1-300x169.jpg' srcset='https://irrecams.de/staging/wp-content/uploads/2022/11/IR-Workshop_23-1-300x169.jpg 300w, https://irrecams.de/staging/wp-content/uploads/2022/11/IR-Workshop_23-1-600x338.jpg 600w, https://irrecams.de/staging/wp-content/uploads/2022/11/IR-Workshop_23-1-768x432.jpg 768w, https://irrecams.de/staging/wp-content/uploads/2022/11/IR-Workshop_23-1.jpg 1024w' sizes='(min-width: 1280px) 33.3vw, (min-width: 768px) 50vw, 100vw' /></a></div><div class='box-content'><h3 class='title'><a href=https://irrecams.de/staging/blog/2022/infrarot-workshops-2023/>Infrarot Workshops 2023</a></h3><div class='author-and-date'><span><time datetime="2022-12-04T13:59:08+01:00" class="post-date">4. Dezember 2022</time></span></div></div></div></div><div class='grid-item  gosign_sort_blog grid-item-4 ' key=9040 ><div class='gallery-image'><div class='masnory-image-container'><a href=https://irrecams.de/staging/blog/2022/architektur-in-infrarot/><img class='masnory-image ' title='Modern architecture 1' alt='©Werner Eisenreich' src='https://irrecams.de/staging/wp-content/uploads/2022/11/Modern-architecture-1-125x83.jpg' src='https://irrecams.de/staging/wp-content/uploads/2022/11/Modern-architecture-1-300x200.jpg' srcset='https://irrecams.de/staging/wp-content/uploads/2022/11/Modern-architecture-1-300x200.jpg 300w, https://irrecams.de/staging/wp-content/uploads/2022/11/Modern-architecture-1-600x400.jpg 600w, https://irrecams.de/staging/wp-content/uploads/2022/11/Modern-architecture-1-768x512.jpg 768w, https://irrecams.de/staging/wp-content/uploads/2022/11/Modern-architecture-1-1024x683.jpg 1024w' sizes='(min-width: 1280px) 33.3vw, (min-width: 768px) 50vw, 100vw' /></a></div><div class='box-content'><h3 class='title'><a href=https://irrecams.de/staging/blog/2022/architektur-in-infrarot/>Architektur in Infrarot</a></h3><div class='author-and-date'><span><time datetime="2022-11-29T18:30:00+01:00" class="post-date">29. November 2022</time></span></div></div></div></div></div>

<p>Die digitale Infrarot Fotografie umfasst verschiedene kreative Filtert Techniken die bekannte Landschaften und Objekte auf eine ganz neue Art erscheinen lassen. Die Bilder im IR-Bereich produzieren einen ganz speziellen &#8222;Look&#8220;, sie gewinnen an Kontrast und Brillanz, wirken oft sogar mystisch. Eine normale Kamera kann das für uns unsichtbare Licht nicht ohne weiteres sehen. Um die &hellip; </p>
<p class="link-more"><a href="https://irrecams.de/staging/" class="more-link"><span class="screen-reader-text">„Infrarot Fotografie und Kamera Umbau Service“</span> weiterlesen</a></p>
