{"id":36,"date":"2015-01-06T11:51:11","date_gmt":"2015-01-06T10:51:11","guid":{"rendered":"http:\/\/wp10590344.server-he.de\/irrecams2\/?page_id=36"},"modified":"2021-01-18T18:54:33","modified_gmt":"2021-01-18T17:54:33","slug":"infrarot-hotspot-und-andere-bildfehler","status":"publish","type":"page","link":"https:\/\/irrecams.de\/staging\/infrarot-hotspot-und-andere-bildfehler\/","title":{"rendered":"Infrarot Hotspot und andere Bildfehler"},"content":{"rendered":"\n<p>Alle Objektive die wir f\u00fcr die Fotografie benutzen (bis auf ein paar wenige exotische und sehr teure Ausnahmen) sind f\u00fcr den sichtbaren Bereich konstruiert und optimiert. Das betrifft Sch\u00e4rfe, Fokus und die Verg\u00fctung zum Schutz vor Geisterbildern bei Gegenlicht &#8211; am bekanntesten ist wohl das Problem des Infrarot Hotspot. Dennoch lassen sich mit den meisten Objektiven auch im IR- Bereich noch ausgezeichnete Ergebnisse erzielen. Leider kann man einem Objektiv die wenigsten dieser Fehler ansehen bevor man es getestet hat. Einige Probleme wiederholen sich aber mit vielen Objektiven, schauen wir uns an wie wir sie umgehen k\u00f6nnen.<\/p>\n\n\n\n<h2 class=\"wp-block-heading\">Sch\u00e4rfeabfall und Detailverlust<\/h2>\n\n\n\n<p>Die optische Konstruktion unserer Objektive ist f\u00fcr den sichtbaren Bereich gerechnet. Grunds\u00e4tzlich ist bei jedem Objektiv ein gewisser Sch\u00e4rfeverlust messenbar wenn es f\u00fcr die Infrarot Fotografie genutzt wird. Bei den meisten Objektiven ist das so gering, dass man kaum dar\u00fcber sprechen muss. Viel schlimmer ist oft der Sch\u00e4rfeabfall zum Bildrand &#8211; dies tritt vor allem bei Weitwinkel und Ultraweitwinkel Objektiven auf.  Um die Sch\u00e4rfe allgemein zu verbessern ist es hilfreich die Blende zu schlie\u00dfen, wie in der &#8222;normalen&#8220; Fotografie auch. Allerdings f\u00fchrt das wieder zu anderen Problemen. Zum einen kann das Abblenden einen Hotspot hervorrufen, zum andern ist das langwellige Infrarot Licht viel eher von Beugungsunsch\u00e4rfe betroffen als der sichtbare Bereich. Generell sollte die Blende bei IR Aufnahmen nur so weit wie unbedingt n\u00f6tig geschlossen werden.<\/p>\n\n\n\n<h2 class=\"wp-block-heading\">Autofokus in der Infrarot Fotografie<\/h2>\n\n\n\n<p> Kritischer als die Bildsch\u00e4rfe kann schon ein korrekt funktionierender Autofokus sein. Mit modernen spiegellosen Systemkameras ergeben sich hier in der Regel keine Probleme oder \u00dcberraschungen. Aber mit digitalen Spiegelreflexkameras muss man auf ein paar Dinge achten.<\/p>\n\n\n\n<p>F\u00fcr eine Aufnahme im Infrarot Bereich muss &#8222;etwas n\u00e4her heran&#8220; fokussiert werden als im sichtbaren Spektrum. Auf alten manuellen Objektiven war daf\u00fcr oft extra eine rote IR- Markierung am Fokusring angebracht. Im AF- Zeitalter ist das Fokussieren nicht mehr Aufgabe des Fotografen sondern der  Kamera &#8211; und das soll m\u00f6glichst auch in der digitalen Infrarot Fotografie so sein. Bei einem professioinellen Infrarot Umbau wird der Autofokus der Spiegelreflex Kamera einmal justiert, damit stellt der AF der Kamera fortan alle Objektive f\u00fcr den IR Bereich korrekt scharf.  Ein kompletter Infrarotumbau ist die einzige M\u00f6glichkeit den Autofokus auch an einer DSLR nutzen zu k\u00f6nnen und somit \u00fcberhaupt schnell und sicher zu fokussieren.<\/p>\n\n\n\n<figure class=\"wp-block-image size-large\"><a href=\"http:\/\/irrecams.de\/staging\/wp-content\/uploads\/2021\/01\/IMGP8689.jpg\"><img decoding=\"async\" loading=\"lazy\" width=\"1024\" height=\"681\" src=\"http:\/\/irrecams.de\/staging\/wp-content\/uploads\/2021\/01\/IMGP8689-1024x681.jpg\" alt=\"700 nm\" class=\"wp-image-5833\" title=\"Infrarot Fokus garantiert scharfe Bilder\" srcset=\"https:\/\/irrecams.de\/staging\/wp-content\/uploads\/2021\/01\/IMGP8689-1024x681.jpg 1024w, https:\/\/irrecams.de\/staging\/wp-content\/uploads\/2021\/01\/IMGP8689-300x199.jpg 300w, https:\/\/irrecams.de\/staging\/wp-content\/uploads\/2021\/01\/IMGP8689-768x510.jpg 768w, https:\/\/irrecams.de\/staging\/wp-content\/uploads\/2021\/01\/IMGP8689-350x233.jpg 350w, https:\/\/irrecams.de\/staging\/wp-content\/uploads\/2021\/01\/IMGP8689.jpg 1500w\" sizes=\"(max-width: 767px) 89vw, (max-width: 1000px) 54vw, (max-width: 1071px) 543px, 580px\" \/><\/a><\/figure>\n\n\n\n<p>Eine Eigenart von \u00e4lteren Objektiven ist oft auch das Auftreten eines Backfokus wenn eine DSLR benutzt wird. Die Differenz zwischen sichtbarem und IR Licht, welche an der Kamera durch die Fokusjustage kompensiert wird, ist nicht bei allen Objektiven konstant. Sie h\u00e4ngt von der optischen Konstruktion des jeweiligen Objektives (haupts\u00e4chlich von der G\u00fcte der asph\u00e4rischen Korrektur) und ggf. der eingestellten Brennweite (bei Zoomobjektiven) ab. Mit den meisten modernen Autofokusobjektiven sollten keine Probleme mit dem Autofokus auftreten. Je \u00e4lter ein Objektiv ist, desto wahrscheinlicher ist es, dass es sich um eine schlecht oder gar nicht asph\u00e4risch korrigierte Konstruktion handelt. Es gibt hier jedoch keine Regel, es hilft leider wieder nur ausprobieren.<\/p>\n\n\n\n<p>Einen perfekten Fokus kann ich bei Nutzung einer DSLR somit leider nicht f\u00fcr jedes Objektiv versprechen.  Um auch mit &#8222;Problem- Objektiven&#8220; durchweg perfekte Ergebnisse zu erhalten ist es am sinnvollsten, eine (DSLR-) Kamera mit Kontrast Autofokus \u00fcber den Sensor zu nutzen. Die Fokusdifferenz ist bei Kontrast- AF \u00fcber den Sensor kein Problem, da dieser bereits das IR- Licht sieht und akkurat scharf stellt. Bei spiegellosen Systemkameras ist die Fokuslage grunds\u00e4tzlich unproblematisch, diese Kameras arbeiten durch ihre Konstruktion permanent im &#8222;LiveView Modus&#8220;.<\/p>\n\n\n\n<h2 class=\"wp-block-heading\">Infrarot Hotspot und Gegenma\u00dfnahmen<\/h2>\n\n\n\n<p>Ein sehr unangenehmer Bildfehler ist der Hotspot. Unter einem Hotspot versteht man einen kreisrunden Bereich in der Mitte des Bildes der heller ist und sich dadurch deutlich abzeichnet. Oft ist der Blaukanal des Bildes hiervon st\u00e4rker betroffen, weshalb sich ein Hotspot zu allem \u00dcberfluss als Farbklecks abzeichnet.<\/p>\n\n\n\n<p>Der Hotspot ist auf die im IR- Bereich unzureichende Verg\u00fctung der Objektive zur\u00fcckzuf\u00fchren, wodurch es nicht ohne weiteres m\u00f6glich ist ihn zu umgehen. Ist ein Objektiv betroffen kann es helfen mit verschiedenen Blenden zu experimentieren. Die Intensit\u00e4t des Hotspots nimmt beim Abblenden zu, ein weiterer Grund die Objektive nicht zu weit abzublenden. Au\u00dferdem k\u00f6nnen Gegenlichtsituationen den Hotspot verst\u00e4rken &#8211; das Aufsetzen einer Gegenlichtblende sollte also mindestens bei den betroffenen Objektiven Pflicht sein.<\/p>\n\n\n\n<figure class=\"wp-block-image size-large\"><a href=\"http:\/\/irrecams.de\/staging\/wp-content\/uploads\/2015\/01\/hotspot.jpg\"><img decoding=\"async\" loading=\"lazy\" width=\"1024\" height=\"760\" src=\"http:\/\/irrecams.de\/staging\/wp-content\/uploads\/2015\/01\/hotspot-1024x760.jpg\" alt=\"\" class=\"wp-image-539\" title=\"Infrarot Hotspot und wie man ihn vermeiden kann\" srcset=\"https:\/\/irrecams.de\/staging\/wp-content\/uploads\/2015\/01\/hotspot-1024x760.jpg 1024w, https:\/\/irrecams.de\/staging\/wp-content\/uploads\/2015\/01\/hotspot-350x260.jpg 350w, https:\/\/irrecams.de\/staging\/wp-content\/uploads\/2015\/01\/hotspot-300x223.jpg 300w, https:\/\/irrecams.de\/staging\/wp-content\/uploads\/2015\/01\/hotspot.jpg 1388w\" sizes=\"(max-width: 767px) 89vw, (max-width: 1000px) 54vw, (max-width: 1071px) 543px, 580px\" \/><\/a><\/figure>\n\n\n\n<p>Ist ein Hotspot erst einmal im Bild kann man versuchen ihn am PC heraus zu retuschieren.  Auch wenn das m\u00f6glich erscheint ist es oft eine m\u00fchselige und aufw\u00e4ndige Arbeit. Eine ganz schnelle und Effektive Technik ist das Umwandeln zu einem Schwarzwei\u00df Bild. Der Hotspot tritt n\u00e4mlich vor allem bei Farb- IRs auf, in einem monochromen Bild zeigt er sich nur sehr schwach ausgepr\u00e4gt oder gar nicht.<\/p>\n\n\n\n<h2 class=\"wp-block-heading\">Lensflares und Gegenlicht<\/h2>\n\n\n\n<p>Im Gegenlicht sinkt der globale Bildkontrast einer IR Aufnahme sehr schnell ab. Schattenbereiche werden flau und matschig, sogar Hotspots k\u00f6nnen dadurch gef\u00f6rdert werden. Neben der einfachen Regel, eben nicht in Gegenlichtsituationen zu fotografieren, ist das erste Mittel der Wahl die Frontlinse gewissenhaft zu beschatten. Sei es durch eine Hand oder durch eine aufgesetzte Sonnenblende.<\/p>\n\n\n\n<figure class=\"wp-block-image size-large\"><a href=\"http:\/\/irrecams.de\/staging\/wp-content\/uploads\/2021\/01\/IR202372.jpg\"><img decoding=\"async\" loading=\"lazy\" width=\"681\" height=\"1024\" src=\"http:\/\/irrecams.de\/staging\/wp-content\/uploads\/2021\/01\/IR202372-681x1024.jpg\" alt=\"630 nm\" class=\"wp-image-5976\" title=\"Infrarot Lensflares und wie man sie vermeiden kann\" srcset=\"https:\/\/irrecams.de\/staging\/wp-content\/uploads\/2021\/01\/IR202372-681x1024.jpg 681w, https:\/\/irrecams.de\/staging\/wp-content\/uploads\/2021\/01\/IR202372-200x300.jpg 200w, https:\/\/irrecams.de\/staging\/wp-content\/uploads\/2021\/01\/IR202372-768x1154.jpg 768w, https:\/\/irrecams.de\/staging\/wp-content\/uploads\/2021\/01\/IR202372-350x526.jpg 350w, https:\/\/irrecams.de\/staging\/wp-content\/uploads\/2021\/01\/IR202372.jpg 998w\" sizes=\"(max-width: 681px) 100vw, 681px\" \/><\/a><\/figure>\n\n\n\n<p>Schlie\u00dflich ergeben sich aufgrund der im IR- Bereich ineffektiven Verg\u00fctung der meisten Objektive sehr schnell Lensflares in Gegenlichtsituationen. Dieses Ph\u00e4nomen kann man durch Vermeidung von Gegenlichtsituationen, durch Benutzung einer Sonnenblende und eventuell durch Abblenden umgehen oder wenigstens abschw\u00e4chen. Eine andere M\u00f6glichkeit ist es die Lensflares kreativ in die Bildkomposition mit einzubeziehen! Es gibt in vielen Grafikbearbeitungsprogrammen extra Filter, die einen solchen Effekt k\u00fcnstlich erzeugen. Wir haben ihn gleich mit integriert eingebaut.<\/p>\n\n\n\n<h2 class=\"wp-block-heading\">Vorhersage von Bildfehlern<\/h2>\n\n\n\n<p>Ob und welche Bildfehler eine Optik produziert, ist ihr leider nicht vorher anzusehen. Entweder man probiert es selber aus (an das 14- T\u00e4gige Umtauschrecht beim Objektivkauf denken, gebrauchte Objektive lassen sich meist ohne Wertverlust wieder verkaufen), oder recherchiert vor dem Kauf Erfahrungen von anderen Fotografen zu dem Objektiv. Im Internet finden sich auch ein paar Datenbanken die viele Nutzererfahrungen zusammengefasst haben &#8211; hier hat man wenigstens schon einen Anhaltspunkt welche Objektive sich eignen k\u00f6nnten bevor man sie kauft.<\/p>\n","protected":false},"excerpt":{"rendered":"<p>Alle Objektive die wir f\u00fcr die Fotografie benutzen (bis auf ein paar wenige exotische und sehr teure Ausnahmen) sind f\u00fcr den sichtbaren Bereich konstruiert und optimiert. Das betrifft Sch\u00e4rfe, Fokus und die Verg\u00fctung zum Schutz vor Geisterbildern bei Gegenlicht &#8211; am bekanntesten ist wohl das Problem des Infrarot Hotspot. Dennoch lassen sich mit den meisten &hellip; <\/p>\n<p class=\"link-more\"><a href=\"https:\/\/irrecams.de\/staging\/infrarot-hotspot-und-andere-bildfehler\/\" class=\"more-link\"><span class=\"screen-reader-text\">\u201eInfrarot Hotspot und andere Bildfehler\u201c<\/span> weiterlesen<\/a><\/p>\n","protected":false},"author":1,"featured_media":0,"parent":0,"menu_order":4,"comment_status":"closed","ping_status":"closed","template":"","meta":[],"_links":{"self":[{"href":"https:\/\/irrecams.de\/staging\/wp-json\/wp\/v2\/pages\/36"}],"collection":[{"href":"https:\/\/irrecams.de\/staging\/wp-json\/wp\/v2\/pages"}],"about":[{"href":"https:\/\/irrecams.de\/staging\/wp-json\/wp\/v2\/types\/page"}],"author":[{"embeddable":true,"href":"https:\/\/irrecams.de\/staging\/wp-json\/wp\/v2\/users\/1"}],"replies":[{"embeddable":true,"href":"https:\/\/irrecams.de\/staging\/wp-json\/wp\/v2\/comments?post=36"}],"version-history":[{"count":2,"href":"https:\/\/irrecams.de\/staging\/wp-json\/wp\/v2\/pages\/36\/revisions"}],"predecessor-version":[{"id":6266,"href":"https:\/\/irrecams.de\/staging\/wp-json\/wp\/v2\/pages\/36\/revisions\/6266"}],"wp:attachment":[{"href":"https:\/\/irrecams.de\/staging\/wp-json\/wp\/v2\/media?parent=36"}],"curies":[{"name":"wp","href":"https:\/\/api.w.org\/{rel}","templated":true}]}}