{"id":81,"date":"2015-01-07T16:00:36","date_gmt":"2015-01-07T15:00:36","guid":{"rendered":"http:\/\/wp10590344.server-he.de\/irrecams2\/?page_id=81"},"modified":"2022-12-04T13:15:50","modified_gmt":"2022-12-04T12:15:50","slug":"infrarot-workshops","status":"publish","type":"page","link":"https:\/\/irrecams.de\/staging\/infrarot-workshops\/","title":{"rendered":"Infrarot Fotografie Workshops"},"content":{"rendered":"\n<p>Die Infrarot Fotografie Workshops sollen theoretisches und praktisches Wissen vermitteln und richten sich sowohl an Einsteiger als auch Fortgeschrittene in der Infrarotfotografie. In theoretischen Seminaren werden Grundlagen geschaffen und die Nachbearbeitung vorgef\u00fchrt. Vor Ort entdecken wir dann ganz besondere Motive an den sch\u00f6nsten Orten Deutschlands. Sie k\u00f6nnen \u00fcbrigens Ihre Wunsch-Infrarotkamera gegen eine kleine Geb\u00fchr ausleihen, sollten Sie noch keine Kamera besitzen oder aber einmal eine andere Kamera ausprobieren wollen.<\/p>\n\n\n\n<hr class=\"wp-block-separator has-css-opacity is-style-wide\"\/>\n\n\n\n<h2 class=\"wp-block-heading\">Infrarot Workshop Insel R\u00fcgen: 12.-14.05.2023<\/h2>\n\n\n\n<p>Die gr\u00f6\u00dfte Insel Deutschlands ist im Sommer  ein ganz besonders lohnenswertes Ziel f\u00fcr  die Infrarotfotografie. Das junge Gr\u00fcn der  Pflanzen, beeindruckende K\u00fcstenabschnitte  und wundersch\u00f6ne B\u00e4derarchitektur bilden ein  reichhaltiges  Angebot verschiedener Motiven auf  kleinem Raum.<\/p>\n\n\n\n<div class=\"wp-block-buttons is-horizontal is-content-justification-center is-layout-flex wp-container-1\">\n<div class=\"wp-block-button has-custom-width wp-block-button__width-50\"><a class=\"wp-block-button__link has-vivid-red-background-color has-background wp-element-button\" href=\"http:\/\/irrecams.de\/staging\/IR-Workshop_23-1.pdf\" style=\"border-radius:5px\">Infoflyer<\/a><\/div>\n\n\n\n<div class=\"wp-block-button has-custom-width wp-block-button__width-50\"><a class=\"wp-block-button__link has-vivid-red-background-color has-background wp-element-button\" href=\"http:\/\/irrecams.de\/staging\/shop\/ir-workshop-ruegen-2023\/\" style=\"border-radius:5px\">Buchen<\/a><\/div>\n<\/div>\n\n\n\n<div style=\"height:30px\" aria-hidden=\"true\" class=\"wp-block-spacer\"><\/div>\n\n\n<div class=\"wp-block-image\">\n<figure class=\"aligncenter size-full\"><a href=\"http:\/\/irrecams.de\/staging\/IR-Workshop_23-1.pdf\"><img decoding=\"async\" loading=\"lazy\" width=\"999\" height=\"562\" src=\"http:\/\/irrecams.de\/staging\/wp-content\/uploads\/2022\/11\/IR-Workshop_23-1.jpg\" alt=\"\" class=\"wp-image-9000\" srcset=\"https:\/\/irrecams.de\/staging\/wp-content\/uploads\/2022\/11\/IR-Workshop_23-1.jpg 999w, https:\/\/irrecams.de\/staging\/wp-content\/uploads\/2022\/11\/IR-Workshop_23-1-300x169.jpg 300w, https:\/\/irrecams.de\/staging\/wp-content\/uploads\/2022\/11\/IR-Workshop_23-1-768x432.jpg 768w, https:\/\/irrecams.de\/staging\/wp-content\/uploads\/2022\/11\/IR-Workshop_23-1-18x10.jpg 18w, https:\/\/irrecams.de\/staging\/wp-content\/uploads\/2022\/11\/IR-Workshop_23-1-350x197.jpg 350w\" sizes=\"(max-width: 767px) 89vw, (max-width: 1000px) 54vw, (max-width: 1071px) 543px, 580px\" \/><\/a><figcaption class=\"wp-element-caption\">Infrarot Workshop Insel R\u00fcgen 2023<\/figcaption><\/figure><\/div>\n\n\n<hr class=\"wp-block-separator has-css-opacity is-style-wide\"\/>\n\n\n\n<h2 class=\"wp-block-heading\">Infrarot Workshop Nordschwaben: 02.-04.06.2023<\/h2>\n\n\n\n<p>S\u00fcddeutschland ist im Sommer ein  lohnenswertes Ziel f\u00fcr die  Infrarotfotografie.  Das satte Gr\u00fcn der Pflanzen, alte Burgen  und mittelalterliche Architektur bilden ein  abwechslungs-reiches  Angebot  verschiedener Motive auf kleinem Raum.<\/p>\n\n\n\n<div class=\"wp-block-buttons is-horizontal is-content-justification-center is-layout-flex wp-container-2\">\n<div class=\"wp-block-button has-custom-width wp-block-button__width-50\"><a class=\"wp-block-button__link has-vivid-red-background-color has-background wp-element-button\" href=\"http:\/\/irrecams.de\/staging\/IR-Workshop_23-2.pdf\" style=\"border-radius:5px\">Infoflyer<\/a><\/div>\n\n\n\n<div class=\"wp-block-button has-custom-width wp-block-button__width-50\"><a class=\"wp-block-button__link has-vivid-red-background-color has-background wp-element-button\" href=\"http:\/\/irrecams.de\/staging\/shop\/ir-workshop-nordschwaben-2023\/\" style=\"border-radius:5px\">Buchen<\/a><\/div>\n<\/div>\n\n\n\n<div style=\"height:30px\" aria-hidden=\"true\" class=\"wp-block-spacer\"><\/div>\n\n\n<div class=\"wp-block-image\">\n<figure class=\"aligncenter size-full\"><a href=\"http:\/\/irrecams.de\/staging\/IR-Workshop_23-2.pdf\"><img decoding=\"async\" loading=\"lazy\" width=\"999\" height=\"562\" src=\"http:\/\/irrecams.de\/staging\/wp-content\/uploads\/2022\/11\/IR-Workshop_23-2.jpg\" alt=\"\" class=\"wp-image-9001\" srcset=\"https:\/\/irrecams.de\/staging\/wp-content\/uploads\/2022\/11\/IR-Workshop_23-2.jpg 999w, https:\/\/irrecams.de\/staging\/wp-content\/uploads\/2022\/11\/IR-Workshop_23-2-300x169.jpg 300w, https:\/\/irrecams.de\/staging\/wp-content\/uploads\/2022\/11\/IR-Workshop_23-2-768x432.jpg 768w, https:\/\/irrecams.de\/staging\/wp-content\/uploads\/2022\/11\/IR-Workshop_23-2-18x10.jpg 18w, https:\/\/irrecams.de\/staging\/wp-content\/uploads\/2022\/11\/IR-Workshop_23-2-350x197.jpg 350w\" sizes=\"(max-width: 767px) 89vw, (max-width: 1000px) 54vw, (max-width: 1071px) 543px, 580px\" \/><\/a><figcaption class=\"wp-element-caption\">Infrarot Workshop Nordschwaben 2023<\/figcaption><\/figure><\/div>\n\n\n<hr class=\"wp-block-separator has-css-opacity is-style-wide\"\/>\n\n\n\n<h2 class=\"wp-block-heading\">Kostenloses Infrarot Einsteiger Tutorial<\/h2>\n\n\n<div class=\"wp-block-image\">\n<figure class=\"aligncenter size-large\"><a href=\"http:\/\/irrecams.de\/staging\/blog\/2021\/kostenloses-infrarot-einsteiger-tutorial-2021\/\" target=\"_blank\" rel=\"noopener\"><img decoding=\"async\" loading=\"lazy\" width=\"1024\" height=\"576\" src=\"http:\/\/irrecams.de\/staging\/wp-content\/uploads\/2021\/07\/213de-1024x576.jpg\" alt=\"Infrarot Fotografie Webinar Fuji-Store.de\" class=\"wp-image-7247\" srcset=\"https:\/\/irrecams.de\/staging\/wp-content\/uploads\/2021\/07\/213de-1024x576.jpg 1024w, https:\/\/irrecams.de\/staging\/wp-content\/uploads\/2021\/07\/213de-300x169.jpg 300w, https:\/\/irrecams.de\/staging\/wp-content\/uploads\/2021\/07\/213de-768x432.jpg 768w, https:\/\/irrecams.de\/staging\/wp-content\/uploads\/2021\/07\/213de-1536x864.jpg 1536w, https:\/\/irrecams.de\/staging\/wp-content\/uploads\/2021\/07\/213de-16x9.jpg 16w, https:\/\/irrecams.de\/staging\/wp-content\/uploads\/2021\/07\/213de-350x197.jpg 350w, https:\/\/irrecams.de\/staging\/wp-content\/uploads\/2021\/07\/213de.jpg 2000w\" sizes=\"(max-width: 767px) 89vw, (max-width: 1000px) 54vw, (max-width: 1071px) 543px, 580px\" \/><\/a><\/figure><\/div>\n\n\n<p>Wer \u00fcberlegt in die <a href=\"http:\/\/irrecams.de\/staging\/infrarot-fotografie\/\">IR Fotografie <\/a>einzusteigen, sich aber unsicher ist oder wem einige Zusammenh\u00e4nge unklar sind, der kann sich dieses kostenlose Tutorial hier ansehen. Das 1,5 St\u00fcndige Webinar wurde Ende Juli aufgezeichnet und f\u00fchrt von A bis Z durch alle wichtigen Aspekte der Infrarot Fotografie. Angefangen mit den Umbaum\u00f6glichkeiten der Kamera, \u00fcber Filterwahl, Infrarot Hotspots bis hin zur grundlegenden Infrarot Bearbeitung.<\/p>\n\n\n\n<p>Das vom <a href=\"https:\/\/www.fuji-store.de\/\" target=\"_blank\" rel=\"noreferrer noopener\">Fuji-Store<\/a> organisierte Infrarot Webinar fand am 27.07.2021 statt. Vielen Dank noch einmal f\u00fcr den tollen Abend und f\u00fcr die Bereitstellung der Aufzeichnung!<\/p>\n\n\n\n<div class=\"wp-block-buttons is-horizontal is-content-justification-center is-layout-flex wp-container-3\">\n<div class=\"wp-block-button has-custom-width wp-block-button__width-50\"><a class=\"wp-block-button__link has-vivid-red-background-color has-background wp-element-button\" href=\"http:\/\/irrecams.de\/staging\/blog\/2021\/kostenloses-infrarot-einsteiger-tutorial-2021\/\" style=\"border-radius:5px\" target=\"_blank\" rel=\"noreferrer noopener\">Direkt zum Tutorial<\/a><\/div>\n<\/div>\n","protected":false},"excerpt":{"rendered":"<p>Die Infrarot Fotografie Workshops sollen theoretisches und praktisches Wissen vermitteln und richten sich sowohl an Einsteiger als auch Fortgeschrittene in der Infrarotfotografie. In theoretischen Seminaren werden Grundlagen geschaffen und die Nachbearbeitung vorgef\u00fchrt. Vor Ort entdecken wir dann ganz besondere Motive an den sch\u00f6nsten Orten Deutschlands. Sie k\u00f6nnen \u00fcbrigens Ihre Wunsch-Infrarotkamera gegen eine kleine Geb\u00fchr ausleihen, &hellip; <\/p>\n<p class=\"link-more\"><a href=\"https:\/\/irrecams.de\/staging\/infrarot-workshops\/\" class=\"more-link\"><span class=\"screen-reader-text\">\u201eInfrarot Fotografie Workshops\u201c<\/span> weiterlesen<\/a><\/p>\n","protected":false},"author":1,"featured_media":0,"parent":0,"menu_order":4,"comment_status":"closed","ping_status":"closed","template":"","meta":[],"_links":{"self":[{"href":"https:\/\/irrecams.de\/staging\/wp-json\/wp\/v2\/pages\/81"}],"collection":[{"href":"https:\/\/irrecams.de\/staging\/wp-json\/wp\/v2\/pages"}],"about":[{"href":"https:\/\/irrecams.de\/staging\/wp-json\/wp\/v2\/types\/page"}],"author":[{"embeddable":true,"href":"https:\/\/irrecams.de\/staging\/wp-json\/wp\/v2\/users\/1"}],"replies":[{"embeddable":true,"href":"https:\/\/irrecams.de\/staging\/wp-json\/wp\/v2\/comments?post=81"}],"version-history":[{"count":26,"href":"https:\/\/irrecams.de\/staging\/wp-json\/wp\/v2\/pages\/81\/revisions"}],"predecessor-version":[{"id":9090,"href":"https:\/\/irrecams.de\/staging\/wp-json\/wp\/v2\/pages\/81\/revisions\/9090"}],"wp:attachment":[{"href":"https:\/\/irrecams.de\/staging\/wp-json\/wp\/v2\/media?parent=81"}],"curies":[{"name":"wp","href":"https:\/\/api.w.org\/{rel}","templated":true}]}}